(p) = p**3 + 4*p + 124. Calculate c(10).
1164
Let d(a) = -16*a**3 - 19*a**2 - 1152*a - 3312. Give d(-3).
405
Let i(z) = -z**3 - 6*z**2 - 11*z - 1035. Determine i(0).
-1035
Let d(m) = -210*m**3 + 1047*m**2 + 320*m - 1532. Determine d(5).
-7
Let x(j) = -3*j**2 + 1125*j + 36720. Give x(-30).
270
Let m(a) = 390*a - 54565. Calculate m(140).
35
Let p(j) = -j**3 + 225*j**2 - 10*j + 2341. Determine p(225).
91
Let i(f) = 2*f**2 + 24003*f + 5414889. Determine i(-230).
-1
Let q(h) = -3*h**3 + 350*h**2 - 203*h - 3365. Give q(116).
-1
Let w(y) = -2*y**3 + 1526*y**2 - 4348*y - 161102. Give w(760).
18
Let a(s) = -2*s**2 - 4436*s - 52951. Give a(-12).
-7
Let y(t) = t**3 - 10*t**2 - 1821*t - 132. Calculate y(48).
12
Let t(j) = -107545*j - 13228026. Determine t(-123).
9
Let f(g) = 284428*g**2 + 853277*g + 4. Give f(-3).
25
Let t(k) = -k**3 - 207*k**2 + 15681*k - 3395. Calculate t(-266).
63
Let h(f) = 23*f**3 - f**2 - 1934*f - 1933. Give h(-1).
-23
Let m(z) = -381*z - 7044. Calculate m(-19).
195
Let p(w) = 5*w - 35. Calculate p(50).
215
Let z(m) = -m**3 + 49*m**2 - 473*m - 9. What is z(13)?
-74
Let o(b) = 5*b**2 - 4363*b + 47401. What is o(11)?
13
Let p(m) = -2*m**2 - 153*m + 1819. Determine p(14).
-715
Let s(o) = 22449*o + 2222447. Determine s(-99).
-4
Let k(s) = -131*s**2 + 709*s - 264. Calculate k(5).
6
Let u(p) = -10*p**2 - 7425*p - 22256. Calculate u(-3).
-71
Let l(k) = 19*k**3 - 102*k**2 - 15*k + 13. Calculate l(6).
355
Let w(c) = -5*c**3 + 2*c**2 - 185*c + 565. Calculate w(3).
-107
Let k(a) = -769*a + 27141. Give k(35).
226
Let b(r) = 11117*r - 200118. Give b(18).
-12
Let y(q) = 55*q**3 + 274*q**2 + 806*q - 65. Determine y(-3).
-1502
Let h(m) = 28195*m + 310250. Determine h(-11).
105
Let z(g) = 2783*g + 603901. Determine z(-217).
-10
Let z(i) = 76770*i - 76763. Determine z(1).
7
Let x(f) = -f**3 + 375*f**2 + 10411*f + 6007. Give x(401).
-8
Let w(s) = 25*s**3 - 2725*s**2 - 63*s + 6870. Give w(109).
3
Let h(m) = m**3 + 66*m**2 - 687*m + 9. What is h(9)?
-99
Let p(c) = 2*c**3 - 44*c**2 - 34*c + 560. Determine p(17).
-2908
Let y(u) = -9*u**3 - 75*u**2 + 27*u + 398. Determine y(-8).
-10
Let z(c) = -44959*c - 1843279. What is z(-41)?
40
Let u(q) = -1295*q - 117161. What is u(-90)?
-611
Let v(r) = 19*r**2 - 1739*r + 11608. What is v(7)?
366
Let t(l) = -42062*l - 8. What is t(0)?
-8
Let j(k) = 2392*k**2 + 21714*k + 1674. What is j(-9)?
0
Let t(o) = -o**3 + 2*o**2 + 112*o + 351. Give t(-7).
8
Let m(n) = -n**3 - 179*n**2 - 7347*n + 62. Give m(-64).
-770
Let i(m) = -4*m**2 - 93*m - 102. What is i(-22)?
8
Let s(j) = 12*j**3 - 25*j**2 - 55*j + 248. Determine s(5).
848
Let o(b) = 2152*b - 434752. Determine o(202).
-48
Let f(z) = -3*z**2 + 477*z + 50854. Calculate f(232).
46
Let r(h) = -540*h**2 - 255*h - 523. Give r(-2).
-2173
Let n(x) = -1845658*x - 5. Calculate n(0).
-5
Let l(v) = 53413*v - 801135. Determine l(15).
60
Let k(u) = u**2 + 62*u - 10703. What is k(-139)?
0
Let d(x) = -4*x**2 - 4458*x - 57263. What is d(-13)?
15
Let m(i) = i**2 + 595*i - 333350. Determine m(352).
-6
Let w(s) = -6005*s + 54378. Calculate w(9).
333
Let j(w) = w**3 + 51*w**2 + 134*w - 611. Give j(-48).
-131
Let g(d) = -1506*d - 31608. Determine g(-21).
18
Let y(c) = -c**2 - 618*c + 311616. What is y(329)?
53
Let m(w) = -w**3 + 371*w**2 + 4990*w + 1429. What is m(384)?
661
Let j(n) = -n**3 + 42*n**2 - 391*n + 168. What is j(30)?
-762
Let o(t) = 32*t**2 - 301*t + 472. Determine o(11).
1033
Let d(v) = 176*v**3 - 15666*v**2 + 180*v - 200. Determine d(89).
-22
Let l(h) = h**3 + 201*h**2 + 12*h + 4121. Determine l(-201).
1709
Let s(j) = -j**2 - 1550*j - 12298. Determine s(-8).
38
Let m(i) = 2*i**2 - 56*i - 7786. What is m(78)?
14
Let h(x) = -17*x**3 - 1191*x**2 - 175*x - 7261. Determine h(-70).
89
Let w(u) = 2*u**2 - 269*u - 42324. Give w(-93).
-9
Let b(r) = -1948*r - 531795. Determine b(-273).
9
Let z(g) = 866*g - 15610. Calculate z(18).
-22
Let d(z) = -7901*z + 71153. Give d(9).
44
Let u(m) = -283*m**2 + 3679*m + 36. Give u(13).
36
Let y(u) = 2*u**2 - 56629*u + 283099. Give y(5).
4
Let k(q) = -6*q**2 + 905*q + 67931. What is k(-55)?
6
Let p(l) = -2*l**2 - 142951*l - 3143948. Determine p(-22).
6
Let a(y) = 5*y**3 + 53*y**2 + 119*y - 62. Calculate a(-4).
-10
Let r(n) = 37*n + 1654. Determine r(-49).
-159
Let q(j) = 37*j**2 + 292*j - 506. Determine q(-10).
274
Let v(d) = 9757*d - 204827. Determine v(21).
70
Let w(j) = 1359994*j - 1360049. Determine w(1).
-55
Let r(n) = -n**3 + 22*n**2 - 78*n + 187. Determine r(18).
79
Let h(i) = 186*i**2 - 22094*i - 44190. What is h(-2)?
742
Let j(f) = f**3 + 14*f**2 + 1695*f + 9905. What is j(-6)?
23
Let o(u) = -u**3 + 77*u**2 + 208*u - 4040. Calculate o(79).
-90
Let r(f) = 6*f**3 - 186*f**2 - 14*f - 35. Calculate r(0).
-35
Let n(w) = w**2 - 160*w - 8461. Determine n(-43).
268
Let x(d) = d**3 - 132*d**2 - 619*d - 8126. What is x(137)?
916
Let i(o) = 4956*o - 4485194. Calculate i(905).
-14
Let s(j) = 43*j**3 + 4*j**2 + 3*j - 1. What is s(-2)?
-335
Let i(u) = 498*u - 31438. Give i(63).
-64
Let h(j) = -4*j**2 - 1113*j + 1994. Calculate h(-280).
34
Let u(w) = 2925*w + 14666. Calculate u(-5).
41
Let l(v) = 3*v**2 + 630*v - 8038. Determine l(13).
659
Let w(y) = -795346*y + 13. What is w(0)?
13
Let a(h) = -9*h**3 + 37*h**2 + 1049*h - 212. Calculate a(-9).
-95
Let y(i) = 858*i**2 + 14586*i - 5. What is y(-17)?
-5
Let n(u) = -1757*u - 58. Determine n(0).
-58
Let f(j) = -j**3 + 39*j**2 - 33*j - 7816. Give f(27).
41
Let b(t) = -393*t - 42. Determine b(0).
-42
Let y(g) = -18*g**2 - 1036*g - 12546. Determine y(-17).
-136
Let p(d) = d**3 + 14*d**2 - 18*d - 256. Calculate p(-10).
324
Let w(s) = 2*s**2 - 1894*s + 99781. Determine w(56).
-11
Let a(t) = -t**3 - 6*t**2 + 111*t + 12. Calculate a(11).
-824
Let r(w) = 67*w + 6120. Determine r(-89).
157
Let b(q) = 410*q + 8674. Calculate b(-21).
64
Let v(k) = -2*k**3 + 40*k**2 - 101*k + 522. Determine v(18).
0
Let r(s) = -s**3 - 13*s**2 - 84*s + 2535. Determine r(9).
-3
Let h(s) = 4*s**3 - 131*s**2 + 723*s - 57. What is h(7)?
-43
Let g(k) = 538*k**2 + 2856*k + 835. Give g(-5).
5
Let k(b) = -53890*b**2 - 215586*b - 98. Calculate k(-4).
6
Let s(p) = 24*p**2 - 1368*p + 12989. Calculate s(44).
-739
Let b(x) = -3*x**2 - 9978*x - 208207. Calculate b(-21).
8
Let q(t) = -21*t**3 - 196*t**2 + 4*t + 39. What is q(-9)?
-564
Let k(n) = 9407*n - 31416. Calculate k(3).
-3195
Let x(z) = -2*z**2 - 14533*z + 923513. Calculate x(63).
-4
Let k(o) = 44*o**2 - 700*o - 309. Determine k(17).
507
Let b(a) = 336*a + 36968. Calculate b(-110).
8
Let z(p) = -337*p + 1886. What is z(4)?
538
Let t(s) = -567*s - 392359. Calculate t(-692).
5
Let y(x) = 117*x**2 - 69039*x + 5320. What is y(590)?
10
Let j(n) = 2*n**2 + 282*n + 13592. Give j(-96).
4952
Let k(v) = -v**3 + 113*v**2 + 457*v + 1452. Give k(117).
165
Let m(j) = -j**3 + 594*j**2 + 2943*j - 27. Determine m(-5).
233
Let i(j) = -26*j**2 + 512*j - 2741. Give i(6).
-605
Let i(q) = 649*q - 3104. Determine i(5).
141
Let w(p) = -559946*p - 17918276. Calculate w(-32).
-4
Let q(l) = -1362613*l + 10900903. What is q(8)?
-1
Let d(y) = y**2 + 1724*y - 192053. What is d(105)?
-8
Let p(t) = -39*t**2 + 2145*t + 7. What is p(55)?
7
Let k(q) = 15*q**2 - 559*q - 8141. Calculate k(-13).
1661
Let c(d) = 2235*d - 24521. Determine c(11).
64
Let j(i) = 4*i**3 + 68*i**2 + 190*i - 218. Determine j(-13).
16
Let g(o) = 12*o**2 + 1920*o + 82. Calculate g(0).
82
Let g(o) = -15*o**2 + 5*o + 11. Give g(-3).
-139
Let g(i) = -3723*i - 230790. Calculate g(-62).
36
Let v(w) = -17*w**3 + 138*w**2 - 20*w - 42. Give v(8).
-74
Let i(c) = 5513*c**2 - 2949445*c - 5351. Determine i(535).
-1
Let b(z) = 582*z + 102303. Determine b(-176).
-129
Let u(x) = x**3 + 61*x**2 + 5719*x + 115955. Give u(-24).
11
Let c(l) = l**3 - 8*l**2 - 2*l + 85. Give c(7).
22
Let u(r) = r**3 - 300*r**2 - 1169*r - 14971. Give u(304).
-683
Let w(l) = l**2 + 38280*l + 76564. What is w(-2)?
8
Let l(s) = -s**3 + 14*s**2 - 52*s - 307. Calculate l(-3).
2
Let v(t) = -108*t**2 + 839*t - 2526. Calculate v(3).
-981
Let g(a) = 85*a**2 - 12607*a - 51780. What is g(-4)?
8
Let r(y) = -y**3 - 20*y**2 - 230*y - 758. Calculate r(-6).
118
Let m(s) = -5156*s - 2046926. What is m(-397)?
6
Let j(c) = -2*c**3 - 81*c**2 - 715*c - 1212. What is j(-29)?
180
Let p(z) = 37657*z + 188284. What is p(-5)